
Is 10903 a prime number?
True
Is 1934201 composite?
False
Is 33949 prime?
False
Is 332359 a composite number?
True
Is 2411 prime?
True
Is 134081 composite?
False
Is 479 prime?
True
Is 1031287 a prime number?
False
Is 75713 composite?
True
Is 8859 a composite number?
True
Is 5579 composite?
True
Is 28741 a prime number?
False
Is 368377 composite?
True
Is 46439 a prime number?
True
Is 2243 prime?
True
Is 216389 a prime number?
False
Is 4327 a composite number?
False
Is 15527 prime?
True
Is 126677 prime?
False
Is 7057 prime?
True
Is 7321 a composite number?
False
Is 199 a composite number?
False
Is 6481 a prime number?
True
Is 227207 prime?
True
Is 484021 composite?
True
Is 67511 a composite number?
False
Is 5029 composite?
True
Is 483583 prime?
False
Is 77849 composite?
False
Is 161917 a prime number?
False
Is 46 prime?
False
Is 24355 a prime number?
False
Is 2195147 a composite number?
False
Is 5997817 a prime number?
False
Is 168391 prime?
True
Is 21787 composite?
False
Is 500567 a prime number?
True
Is 8251 a composite number?
True
Is 4443 a composite number?
True
Is 3299 a composite number?
False
Is 17647 prime?
False
Is 947083 composite?
False
Is 19959 prime?
False
Is 63241 a composite number?
False
Is 38723 composite?
False
Is 1243 a composite number?
True
Is 296122 composite?
True
Is 18143 a composite number?
False
Is 1511891 prime?
True
Is 9587 prime?
True
Is 109789 a composite number?
False
Is 18059 prime?
True
Is 26759 a prime number?
True
Is 1248617 prime?
False
Is 664831 prime?
False
Is 802 a prime number?
False
Is 28537 a composite number?
False
Is 45151 a composite number?
True
Is 17621 a prime number?
False
Is 1597 a composite number?
False
Is 42421 prime?
False
Is 41759 a composite number?
False
Is 182887 a composite number?
False
Is 937807 prime?
False
Is 140977 a composite number?
False
Is 719 a composite number?
False
Is 65579 prime?
True
Is 56741 a prime number?
False
Is 36479 composite?
False
Is 189401 a prime number?
True
Is 34319 a prime number?
True
Is 300647 a prime number?
True
Is 58759 a prime number?
False
Is 94771 a prime number?
True
Is 1146451 composite?
True
Is 1842839 composite?
False
Is 31063 a composite number?
False
Is 29753 a prime number?
True
Is 10729 a prime number?
True
Is 44329 prime?
False
Is 3299 composite?
False
Is 27037 a prime number?
False
Is 846995 a prime number?
False
Is 32141 a composite number?
False
Is 11314 a composite number?
True
Is 3869 a composite number?
True
Is 22853 prime?
True
Is 219565 composite?
True
Is 6127 a prime number?
False
Is 60891 a composite number?
True
Is 40571 prime?
False
Is 15679 composite?
False
Is 10027 prime?
False
Is 57037 a prime number?
True
Is 35671 a prime number?
True
Is 18041 composite?
False
Is 20261 a composite number?
False
Is 105169 prime?
False
Is 10061 prime?
True
Is 507201 a composite number?
True
Is 319639 a composite number?
False
Is 21799 a composite number?
False
Is 1969 composite?
True
Is 5519 a prime number?
True
Is 10099 a composite number?
False
Is 14971 a composite number?
True
Is 646403 a composite number?
False
Is 167521 a composite number?
False
Is 15479 a prime number?
False
Is 223903 a composite number?
False
Is 396833 composite?
False
Is 1201 a prime number?
True
Is 647 a composite number?
False
Is 13033 composite?
False
Is 66191 composite?
False
Is 24721 a composite number?
True
Is 287171 composite?
True
Is 11591 composite?
True
Is 24515 composite?
True
Is 125329 composite?
False
Is 312293 composite?
True
Is 8081 a prime number?
True
Is 2195 a prime number?
False
Is 29266 a composite number?
True
Is 7003 a composite number?
True
Is 1331897 composite?
True
Is 226529 a composite number?
True
Is 831 a prime number?
False
Is 123449 prime?
True
Is 128038 a composite number?
True
Is 1925713 prime?
False
Is 6769 a prime number?
False
Is 12037 a composite number?
False
Is 4613 prime?
False
Is 38903 a prime number?
True
Is 474479 a prime number?
True
Is 1073 composite?
True
Is 619079 composite?
False
Is 97283 prime?
True
Is 70277 a prime number?
False
Is 494335 a prime number?
False
Is 4069 prime?
False
Is 11463 a prime number?
False
Is 5771 composite?
True
Is 482767 a composite number?
False
Is 121643 prime?
False
Is 11209 prime?
False
Is 2335 prime?
False
Is 118577 composite?
True
Is 77377 a prime number?
True
Is 638981 a prime number?
False
Is 970667 a composite number?
False
Is 6899 a composite number?
False
Is 677 a prime number?
True
Is 9005 composite?
True
Is 8497 a composite number?
True
Is 64309 a composite number?
True
Is 12853 a prime number?
True
Is 13537 prime?
True
Is 42221 prime?
True
Is 4223353 a prime number?
True
Is 6001 prime?
False
Is 745727 a composite number?
False
Is 97231 prime?
True
Is 1261191 prime?
False
Is 2203 prime?
True
Is 161285 prime?
False
Is 5755 a prime number?
False
Is 162697 a composite number?
True
Is 28513 a composite number?
False
Is 381263 prime?
False
Is 31511 composite?
False
Is 6653 a composite number?
False
Is 57595 a prime number?
False
Is 3293 prime?
False
Is 27733 a prime number?
True
Is 13223 composite?
True
Is 4391 a composite number?
False
Is 25417 composite?
True
Is 7001 a prime number?
True
Is 2707 prime?
True
Is 70087 a prime number?
False
Is 1687 a prime number?
False
Is 349651 composite?
True
Is 168547 prime?
False
Is 523153 a composite number?
True
Is 201281 composite?
False
Is 25319 a prime number?
False
Is 5471 a composite number?
False
Is 1535197 a composite number?
True
Is 1278422 a prime number?
False
Is 127807 a prime number?
True
Is 8717 a composite number?
True
Is 570889 a prime number?
False
Is 41011 a prime number?
True
Is 69143 composite?
False
Is 49577 a prime number?
False
Is 401041 a composite number?
True
Is 149813 composite?
True
Is 79141 composite?
True
Is 42235 a prime number?
False
Is 14613 composite?
True
Is 358691 composite?
False
Is 2435 prime?
False
Is 5407 prime?
True
Is 127 composite?
False
Is 16535 composite?
True
Is 1049 a composite number?
False
Is 864689 composite?
True
Is 6159 a prime number?
False
Is 13249 composite?
False
Is 2581115 composite?
True
Is 20047 prime?
True
Is 59069 prime?
True
Is 56881 a composite number?
True
Is 8939 a composite number?
True
Is 1020757 composite?
False
Is 53827 a prime number?
False
Is 627747 a prime number?
False
Is 20369 a composite number?
False
Is 87865 composite?
True
Is 172849 a prime number?
True
Is 336181 a composite number?
False
Is 6449 a prime number?
True
Is 4109 composite?
True
Is 432623 a prime number?
False
Is 1633 a prime number?
False
Is 16673 prime?
True
Is 84902 a prime number?
False
Is 75653 composite?
False
Is 36247 composite?
True
Is 46679 a prime number?
True
Is 23399 a composite number?
False
Is 3985 a composite number?
True
Is 122365 a prime number?
False
Is 97663 prime?
False
Is 1634701 a prime number?
False
Is 19361 composite?
True
Is 881191 a composite number?
False
Is 30983 a prime number?
True
Is 2019387 a composite number?
True
Is 6317 prime?
True
Is 143137 prime?
True
Is 1847 a prime number?
True
Is 1073 prime?
False
Is 14163 a composite number?
True
Is 20021 a prime number?
True
Is 113717 prime?
True
Is 142357 composite?
False
Is 8894 a composite number?
True
Is 319549 a prime number?
False
Is 57461 composite?
True
Is 109517 a prime number?
True
Is 25067 a composite number?
True
Is 236627 a composite number?
False
Is 2437 composite?
False
Is 3799 a composite number?
True
Is 13289 prime?
False
Is 1673 a prime number?
False
Is 208151 a composite number?
True
Is 4861 prime?
True
Is 111697 a prime number?
True
Is 8327 a prime number?
False
Is 32387 a prime number?
False
Is 2099 a composite number?
False
Is 14479 composite?
False
Is 219953 composite?
False
Is 193513 a prime number?
True
Is 1012477 a prime number?
False
Is 185519 a prime number?
True
Is 1778255 a prime number?
False
Is 32863 a composite number?
True
Is 181453 a composite number?
True
Is 108587 a composite number?
False
Is 130327 prime?
False
Is 38993 a prime number?
True
Is 77681 prime?
True
Is 802327 a composite number?
True
Is 1212581 a prime number?
False
Is 1147 composite?
True
Is 16034 a composite number?
True
Is 2777 prime?
True
Is 9865 a composite number?
True
Is 828991 composite?
True
Is 14757 a composite number?
True
